s the remainder when 4365 is divided by 26?
23
Calculate the remainder when 127 is divided by 65.
62
Calculate the remainder when 181 is divided by 154.
27
Calculate the remainder when 11922 is divided by 22.
20
What is the remainder when 352 is divided by 49?
9
Calculate the remainder when 2141 is divided by 124.
33
Calculate the remainder when 253 is divided by 68.
49
Calculate the remainder when 1206 is divided by 71.
70
Calculate the remainder when 569 is divided by 13.
10
What is the remainder when 289 is divided by 29?
28
What is the remainder when 622 is divided by 25?
22
What is the remainder when 3322 is divided by 65?
7
What is the remainder when 402 is divided by 15?
12
What is the remainder when 233 is divided by 78?
77
What is the remainder when 278 is divided by 78?
44
What is the remainder when 1493 is divided by 5?
3
What is the remainder when 1763 is divided by 136?
131
What is the remainder when 2951 is divided by 87?
80
What is the remainder when 655 is divided by 368?
287
What is the remainder when 791 is divided by 757?
34
What is the remainder when 4824 is divided by 41?
27
Calculate the remainder when 94 is divided by 4.
2
What is the remainder when 8 is divided by 4?
0
Calculate the remainder when 403 is divided by 21.
4
Calculate the remainder when 24 is divided by 6.
0
Calculate the remainder when 671 is divided by 163.
19
Calculate the remainder when 2301 is divided by 72.
69
Calculate the remainder when 377 is divided by 80.
57
Calculate the remainder when 19 is divided by 19.
0
Calculate the remainder when 186 is divided by 19.
15
Calculate the remainder when 940 is divided by 23.
20
Calculate the remainder when 3446 is divided by 52.
14
What is the remainder when 836 is divided by 59?
10
Calculate the remainder when 2563 is divided by 367.
361
What is the remainder when 114 is divided by 24?
18
Calculate the remainder when 117 is divided by 8.
5
What is the remainder when 172 is divided by 93?
79
Calculate the remainder when 294 is divided by 150.
144
What is the remainder when 370 is divided by 12?
10
What is the remainder when 637 is divided by 129?
121
What is the remainder when 15364 is divided by 145?
139
What is the remainder when 187 is divided by 79?
29
What is the remainder when 17 is divided by 12?
5
Calculate the remainder when 161 is divided by 21.
14
Calculate the remainder when 93 is divided by 27.
12
What is the remainder when 141 is divided by 13?
11
Calculate the remainder when 106 is divided by 34.
4
What is the remainder when 1024 is divided by 27?
25
What is the remainder when 680 is divided by 36?
32
What is the remainder when 4316 is divided by 34?
32
Calculate the remainder when 61 is divided by 54.
7
What is the remainder when 698 is divided by 13?
9
What is the remainder when 465 is divided by 77?
3
What is the remainder when 414 is divided by 43?
27
Calculate the remainder when 522 is divided by 23.
16
Calculate the remainder when 440 is divided by 90.
80
Calculate the remainder when 719 is divided by 30.
29
Calculate the remainder when 119 is divided by 20.
19
What is the remainder when 7188 is divided by 4?
0
What is the remainder when 93 is divided by 50?
43
Calculate the remainder when 107 is divided by 27.
26
What is the remainder when 287 is divided by 32?
31
What is the remainder when 282 is divided by 57?
54
What is the remainder when 321 is divided by 113?
95
Calculate the remainder when 51 is divided by 18.
15
What is the remainder when 1086 is divided by 23?
5
Calculate the remainder when 326 is divided by 80.
6
Calculate the remainder when 1927 is divided by 476.
23
Calculate the remainder when 4130 is divided by 179.
13
Calculate the remainder when 228 is divided by 37.
6
Calculate the remainder when 472 is divided by 34.
30
Calculate the remainder when 227 is divided by 57.
56
What is the remainder when 103 is divided by 26?
25
What is the remainder when 3238 is divided by 180?
178
What is the remainder when 10361 is divided by 33?
32
What is the remainder when 320 is divided by 27?
23
What is the remainder when 303 is divided by 29?
13
Calculate the remainder when 77 is divided by 20.
17
What is the remainder when 539 is divided by 108?
107
Calculate the remainder when 1546 is divided by 26.
12
What is the remainder when 353 is divided by 5?
3
What is the remainder when 350 is divided by 34?
10
Calculate the remainder when 2085 is divided by 691.
12
Calculate the remainder when 337 is divided by 68.
65
Calculate the remainder when 25 is divided by 12.
1
What is the remainder when 27 is divided by 10?
7
What is the remainder when 187 is divided by 89?
9
What is the remainder when 1981 is divided by 124?
121
Calculate the remainder when 162 is divided by 8.
2
Calculate the remainder when 167 is divided by 59.
49
Calculate the remainder when 986 is divided by 326.
8
What is the remainder when 250 is divided by 29?
18
Calculate the remainder when 91 is divided by 16.
11
Calculate the remainder when 26036 is divided by 9.
8
What is the remainder when 1019 is divided by 462?
95
What is the remainder when 57 is divided by 31?
26
Calculate the remainder when 580 is divided by 95.
10
Calculate the remainder when 174 is divided by 35.
34
What is the remainder when 151 is divided by 6?
1
Calculate the remainder when 107 is divided by 32.
11
What is the remainder when 96 is divided by 34?
28
Calculate the remainder when 1889 is divided by 14.
13
Calculate the remainder when 2586 is divided by 2575.
11
Calculate the remainder when 13665 is divided by 17.
14
What is the remainder when 1059 is divided by 58?
15
What is the remainder when 177 is divided by 15?
12
What is the remainder when 639 is divided by 31?
19
What is the remainder when 42 is divided by 26?
16
What is the remainder when 143 is divided by 75?
68
What is the remainder when 163 is divided by 17?
10
Calculate the remainder when 792 is divided by 262.
6
What is the remainder when 405 is divided by 29?
28
Calculate the remainder when 91 is divided by 14.
7
Calculate the remainder when 2728 is divided by 20.
8
Calculate the remainder when 26 is divided by 1.
0
What is the remainder when 177 is divided by 163?
14
Calculate the remainder when 98 is divided by 29.
11
Calculate the remainder when 867 is divided by 6.
3
What is the remainder when 169 is divided by 40?
9
Calculate the remainder when 863 is divided by 441.
422
What is the remainder when 47 is divided by 25?
22
Calculate the remainder when 100 is divided by 7.
2
Calculate the remainder when 39 is divided by 20.
19
Calculate the remainder when 142 is divided by 36.
34
Calculate the remainder when 375 is divided by 185.
5
Calculate the remainder when 584 is divided by 290.
4
Calculate the remainder when 3022 is divided by 144.
142
What is the remainder when 4319 is divided by 9?
8
What is the remainder when 620 is divided by 158?
146
What is the remainder when 156 is divided by 21?
9
What is the remainder when 1152 is divided by 3?
0
What is the remainder when 2752 is divided by 40?
32
What is the remainder when 118 is divided by 21?
13
Calculate the remainder when 149 is divided by 3.
2
What is the remainder when 264 is divided by 151?
113
What is the remainder when 68 is divided by 24?
20
What is the remainder when 566 is divided by 38?
34
What is the remainder when 245 is divided by 114?
17
What is the remainder when 128 is divided by 35?
23
What is the remainder when 335 is divided by 24?
23
What is the remainder when 649 is divided by 132?
121
What is the remainder when 156 is divided by 77?
2
What is the remainder when 1730 is divided by 1722?
8
What is the remainder when 101 is divided by 101?
0
What is the remainder when 132 is divided by 27?
24
Calculate the remainder when 167 is divided by 34.
31
Calculate the remainder when 11048 is divided by 130.
128
What is the remainder when 567 is divided by 564?
3
Calculate the remainder when 164 is divided by 26.
8
Calculate the remainder when 452 is divided by 14.
4
What is the remainder when 1688 is divided by 42?
8
What is the remainder when 156 is divided by 1?
0
Calculate the remainder when 16112 is divided by 8054.
4
What is the remainder when 2309 is divided by 566?
45
Calculate the remainder when 44 is di